Calculate the remainder when 174 is divided by 118.
56
Calculate the remainder when 2302 is divided by 203.
69
Calculate the remainder when 388 is divided by 24.
4
What is the remainder when 1392 is divided by 346?
8
What is the remainder when 645 is divided by 18?
15
What is the remainder when 1807 is divided by 299?
13
What is the remainder when 55 is divided by 12?
7
What is the remainder when 256 is divided by 21?
4
What is the remainder when 206 is divided by 47?
18
Calculate the remainder when 446 is divided by 90.
86
What is the remainder when 3135 is divided by 1043?
6
What is the remainder when 1080 is divided by 270?
0
What is the remainder when 180 is divided by 40?
20
What is the remainder when 284 is divided by 72?
68
What is the remainder when 667 is divided by 37?
1
Calculate the remainder when 388 is divided by 67.
53
Calculate the remainder when 147 is divided by 47.
6
Calculate the remainder when 71 is divided by 37.
34
What is the remainder when 538 is divided by 268?
2
Calculate the remainder when 69 is divided by 35.
34
Calculate the remainder when 1348 is divided by 335.
8
What is the remainder when 333 is divided by 164?
5
What is the remainder when 1258 is divided by 125?
8
What is the remainder when 2774 is divided by 215?
194
Calculate the remainder when 3113 is divided by 41.
38
What is the remainder when 122 is divided by 44?
34
What is the remainder when 10452 is divided by 2613?
0
What is the remainder when 1884 is divided by 13?
12
What is the remainder when 295 is divided by 109?
77
Calculate the remainder when 375 is divided by 14.
11
What is the remainder when 108 is divided by 10?
8
What is the remainder when 1013 is divided by 313?
74
What is the remainder when 6108 is divided by 436?
4
Calculate the remainder when 503 is divided by 13.
9
What is the remainder when 697 is divided by 28?
25
What is the remainder when 472 is divided by 456?
16
Calculate the remainder when 253 is divided by 140.
113
What is the remainder when 779 is divided by 52?
51
What is the remainder when 205 is divided by 147?
58
What is the remainder when 4599 is divided by 5?
4
Calculate the remainder when 1146 is divided by 142.
10
What is the remainder when 110 is divided by 59?
51
Calculate the remainder when 196 is divided by 47.
8
Calculate the remainder when 43 is divided by 21.
1
Calculate the remainder when 357 is divided by 15.
12
Calculate the remainder when 507 is divided by 242.
23
What is the remainder when 74 is divided by 24?
2
Calculate the remainder when 204 is divided by 58.
30
Calculate the remainder when 512 is divided by 20.
12
Calculate the remainder when 93 is divided by 75.
18
What is the remainder when 63 is divided by 3?
0
Calculate the remainder when 1262 is divided by 178.
16
Calculate the remainder when 882 is divided by 65.
37
What is the remainder when 682 is divided by 14?
10
Calculate the remainder when 215 is divided by 72.
71
Calculate the remainder when 10448 is divided by 134.
130
What is the remainder when 4085 is divided by 56?
53
Calculate the remainder when 1321 is divided by 38.
29
What is the remainder when 190 is divided by 187?
3
What is the remainder when 605 is divided by 165?
110
What is the remainder when 3442 is divided by 35?
12
What is the remainder when 427 is divided by 422?
5
Calculate the remainder when 11513 is divided by 303.
302
What is the remainder when 4715 is divided by 11?
7
Calculate the remainder when 120 is divided by 21.
15
Calculate the remainder when 3281 is divided by 73.
69
Calculate the remainder when 53 is divided by 7.
4
Calculate the remainder when 282 is divided by 25.
7
What is the remainder when 622 is divided by 79?
69
What is the remainder when 343 is divided by 75?
43
What is the remainder when 545 is divided by 21?
20
Calculate the remainder when 939 is divided by 188.
187
What is the remainder when 147 is divided by 8?
3
Calculate the remainder when 213 is divided by 5.
3
Calculate the remainder when 884 is divided by 15.
14
What is the remainder when 870 is divided by 196?
86
Calculate the remainder when 307 is divided by 155.
152
What is the remainder when 163 is divided by 35?
23
Calculate the remainder when 71 is divided by 50.
21
Calculate the remainder when 48 is divided by 1.
0
What is the remainder when 48 is divided by 19?
10
Calculate the remainder when 171 is divided by 40.
11
What is the remainder when 878 is divided by 453?
425
Calculate the remainder when 277 is divided by 94.
89
What is the remainder when 142 is divided by 6?
4
What is the remainder when 750 is divided by 97?
71
Calculate the remainder when 1505 is divided by 14.
7
Calculate the remainder when 278 is divided by 31.
30
Calculate the remainder when 512 is divided by 251.
10
Calculate the remainder when 577 is divided by 35.
17
What is the remainder when 919 is divided by 16?
7
What is the remainder when 549 is divided by 23?
20
Calculate the remainder when 155 is divided by 11.
1
Calculate the remainder when 1239 is divided by 67.
33
What is the remainder when 3172 is divided by 86?
76
What is the remainder when 786 is divided by 49?
2
What is the remainder when 184 is divided by 31?
29
Calculate the remainder when 181 is divided by 47.
40
What is the remainder when 346 is divided by 2?
0
Calculate the remainder when 119 is divided by 22.
9
What is the remainder when 198 is divided by 25?
23
What is the remainder when 918 is divided by 68?
34
Calculate the remainder when 379 is divided by 131.
117
Calculate the remainder when 316 is divided by 25.
16
What is the remainder when 76 is divided by 39?
37
Calculate the remainder when 38 is divided by 10.
8
Calculate the remainder when 2211 is divided by 82.
79
What is the remainder when 12786 is divided by 278?
276
What is the remainder when 300 is divided by 38?
34
What is the remainder when 429 is divided by 141?
6
What is the remainder when 239 is divided by 27?
23
Calculate the remainder when 944 is divided by 155.
14
Calculate the remainder when 132 is divided by 38.
18
What is the remainder when 173 is divided by 10?
3
Calculate the remainder when 135 is divided by 23.
20
What is the remainder when 253 is divided by 51?
49
What is the remainder when 44710 is divided by 216?
214
Calculate the remainder when 211 is divided by 127.
84
What is the remainder when 209 is divided by 72?
65
Calculate the remainder when 194 is divided by 23.
10
What is the remainder when 813 is divided by 199?
17
Calculate the remainder when 297 is divided by 28.
17
What is the remainder when 1935 is divided by 114?
111
Calculate the remainder when 686 is divided by 229.
228
What is the remainder when 420 is divided by 71?
65
What is the remainder when 372 is divided by 15?
12
What is the remainder when 97 is divided by 27?
16
Calculate the remainder when 45 is divided by 22.
1
Calculate the remainder when 1328 is divided by 14.
12
Calculate the remainder when 601 is divided by 54.
7
Calculate the remainder when 479 is divided by 30.
29
Calculate the remainder when 1069 is divided by 9.
7
What is the remainder when 1108 is divided by 510?
88
What is the remainder when 6394 is divided by 156?
154
What is the remainder when 3321 is divided by 101?
89
Calculate the remainder when 53 is divided by 36.
17
Calculate the remainder when 452 is divided by 57.
53
Calculate the remainder when 72 is divided by 21.
9
Calculate the remainder when 45 is divided by 17.
11
Calculate the remainder when 16744 is divided by 53.
49
What is the remainder when 2108 is divided by 56?
36
What is the remainder when 1257 is divided by 60?
57
Calculate the remainder when 329 is divided by 109.
2
Calculate the remainder when 757 is divided by 248.
13
Calculate the remainder when 76 is divided by 11.
10
What is the remainder when 1300 is divided by 164?
152
Calculate the remainder when 239 is divided by 20.
19
What is the remainder when 653 is divided by 22?
15
Calculate the remainder when 1215 is divided by 23.
19
What is the remainder when 135 is divided by 50?
35
Calculate the remainder when 2912 is divided by 485.
2
Calculate the remainder when 1760 is divided by 136.
128
What is the remainder when 18 is divided by 9?
0
What is the remainder when 54 is divided by 32?
22